{"id":145,"date":"2026-03-23T18:46:47","date_gmt":"2026-03-23T17:46:47","guid":{"rendered":"https:\/\/rossiengine.it\/?page_id=145"},"modified":"2026-04-11T10:25:02","modified_gmt":"2026-04-11T08:25:02","slug":"home","status":"publish","type":"page","link":"https:\/\/rossiengine.it\/","title":{"rendered":"Home"},"content":{"rendered":"<div class=\"wp-block-image\">\n<figure class=\"alignleft size-large is-resized\"><a href=\"https:\/\/rossiengine.it\/wp-content\/uploads\/2026\/03\/ca.png\"><img loading=\"lazy\" decoding=\"async\" width=\"1024\" height=\"1024\" src=\"https:\/\/rossiengine.it\/wp-content\/uploads\/2026\/03\/ca-1024x1024.png\" alt=\"\" class=\"wp-image-160\" style=\"width:237px;height:auto\" srcset=\"https:\/\/rossiengine.it\/wp-content\/uploads\/2026\/03\/ca-1024x1024.png 1024w, https:\/\/rossiengine.it\/wp-content\/uploads\/2026\/03\/ca-300x300.png 300w, https:\/\/rossiengine.it\/wp-content\/uploads\/2026\/03\/ca-150x150.png 150w, https:\/\/rossiengine.it\/wp-content\/uploads\/2026\/03\/ca-768x768.png 768w, https:\/\/rossiengine.it\/wp-content\/uploads\/2026\/03\/ca-1536x1536.png 1536w, https:\/\/rossiengine.it\/wp-content\/uploads\/2026\/03\/ca-100x100.png 100w, https:\/\/rossiengine.it\/wp-content\/uploads\/2026\/03\/ca.png 2048w\" sizes=\"auto, (max-width: 767px) 89vw, (max-width: 1000px) 54vw, (max-width: 1071px) 543px, 580px\" \/><\/a><\/figure>\n<\/div>\n\n\n<h1 class=\"wp-block-heading\"><strong>Leader nella produzione di candele d&#8217;accensione Rossi e OM.<\/strong><\/h1>\n\n\n\n<p class=\"has-text-align-left\"><\/p>\n\n\n\n<p><em>&#8220;Da sessant&#8217;anni accendiamo la passione.&#8221;<\/em><\/p>\n\n\n\n<p><em>C&#8217;\u00e8 un momento, prima che tutto cominci.<br>Prima del rombo, prima della velocit\u00e0, prima dell&#8217;emozione. <br>\u00c8 il momento in cui una piccola scintilla trasforma carburante e aria in pura energia. <br>Da sessant&#8217;anni, quel momento siamo noi.<\/em><\/p>\n\n\n\n<p><em>Nati dalla passione per i motori a scoppio, cresciuti con generazioni di modellisti e piloti, oggi siamo un punto di riferimento per chi non accetta compromessi. <br>Perch\u00e9 chi ama davvero i motori sa che tutto parte dalla candela giusta.<\/em><\/p>\n\n\n\n<p><\/p>\n","protected":false},"excerpt":{"rendered":"<p>Leader nella produzione di candele d&#8217;accensione Rossi e OM. &#8220;Da sessant&#8217;anni accendiamo la passione.&#8221; C&#8217;\u00e8 un momento, prima che tutto cominci.Prima del rombo, prima della velocit\u00e0, prima dell&#8217;emozione. \u00c8 il momento in cui una piccola scintilla trasforma carburante e aria in pura energia. Da sessant&#8217;anni, quel momento siamo noi. Nati dalla passione per i motori &hellip; <\/p>\n<p class=\"link-more\"><a href=\"https:\/\/rossiengine.it\/\" class=\"more-link\">Leggi tutto<span class=\"screen-reader-text\"> &#8220;Home&#8221;<\/span><\/a><\/p>\n","protected":false},"author":1,"featured_media":215,"parent":0,"menu_order":0,"comment_status":"closed","ping_status":"closed","template":"","meta":{"footnotes":""},"class_list":["post-145","page","type-page","status-publish","has-post-thumbnail","hentry"],"yoast_head":"<!-- This site is optimized with the Yoast SEO plugin v27.3 - https:\/\/yoast.com\/product\/yoast-seo-wordpress\/ -->\n<title>Home -<\/title>\n<meta name=\"robots\" content=\"index, follow, max-snippet:-1, max-image-preview:large, max-video-preview:-1\" \/>\n<link rel=\"canonical\" href=\"https:\/\/rossiengine.it\/\" \/>\n<meta property=\"og:locale\" content=\"it_IT\" \/>\n<meta property=\"og:type\" content=\"article\" \/>\n<meta property=\"og:title\" content=\"Home -\" \/>\n<meta property=\"og:description\" content=\"Leader nella produzione di candele d&#8217;accensione Rossi e OM. &#8220;Da sessant&#8217;anni accendiamo la passione.&#8221; C&#8217;\u00e8 un momento, prima che tutto cominci.Prima del rombo, prima della velocit\u00e0, prima dell&#8217;emozione. \u00c8 il momento in cui una piccola scintilla trasforma carburante e aria in pura energia. Da sessant&#8217;anni, quel momento siamo noi. Nati dalla passione per i motori &hellip; Leggi tutto &quot;Home&quot;\" \/>\n<meta property=\"og:url\" content=\"https:\/\/rossiengine.it\/\" \/>\n<meta property=\"article:modified_time\" content=\"2026-04-11T08:25:02+00:00\" \/>\n<meta property=\"og:image\" content=\"https:\/\/rossiengine.it\/wp-content\/uploads\/2026\/03\/reg.jpg\" \/>\n\t<meta property=\"og:image:width\" content=\"2000\" \/>\n\t<meta property=\"og:image:height\" content=\"1200\" \/>\n\t<meta property=\"og:image:type\" content=\"image\/jpeg\" \/>\n<meta name=\"twitter:card\" content=\"summary_large_image\" \/>\n<meta name=\"twitter:label1\" content=\"Tempo di lettura stimato\" \/>\n\t<meta name=\"twitter:data1\" content=\"1 minuto\" \/>\n<script type=\"application\/ld+json\" class=\"yoast-schema-graph\">{\"@context\":\"https:\\\/\\\/schema.org\",\"@graph\":[{\"@type\":\"WebPage\",\"@id\":\"https:\\\/\\\/rossiengine.it\\\/\",\"url\":\"https:\\\/\\\/rossiengine.it\\\/\",\"name\":\"Home -\",\"isPartOf\":{\"@id\":\"https:\\\/\\\/rossiengine.it\\\/#website\"},\"primaryImageOfPage\":{\"@id\":\"https:\\\/\\\/rossiengine.it\\\/#primaryimage\"},\"image\":{\"@id\":\"https:\\\/\\\/rossiengine.it\\\/#primaryimage\"},\"thumbnailUrl\":\"https:\\\/\\\/rossiengine.it\\\/wp-content\\\/uploads\\\/2026\\\/03\\\/reg.jpg\",\"datePublished\":\"2026-03-23T17:46:47+00:00\",\"dateModified\":\"2026-04-11T08:25:02+00:00\",\"breadcrumb\":{\"@id\":\"https:\\\/\\\/rossiengine.it\\\/#breadcrumb\"},\"inLanguage\":\"it-IT\",\"potentialAction\":[{\"@type\":\"ReadAction\",\"target\":[\"https:\\\/\\\/rossiengine.it\\\/\"]}]},{\"@type\":\"ImageObject\",\"inLanguage\":\"it-IT\",\"@id\":\"https:\\\/\\\/rossiengine.it\\\/#primaryimage\",\"url\":\"https:\\\/\\\/rossiengine.it\\\/wp-content\\\/uploads\\\/2026\\\/03\\\/reg.jpg\",\"contentUrl\":\"https:\\\/\\\/rossiengine.it\\\/wp-content\\\/uploads\\\/2026\\\/03\\\/reg.jpg\",\"width\":2000,\"height\":1200,\"caption\":\"Rossi engine\"},{\"@type\":\"BreadcrumbList\",\"@id\":\"https:\\\/\\\/rossiengine.it\\\/#breadcrumb\",\"itemListElement\":[{\"@type\":\"ListItem\",\"position\":1,\"name\":\"Home\",\"item\":\"https:\\\/\\\/rossiengine.it\\\/\"},{\"@type\":\"ListItem\",\"position\":2,\"name\":\"Home\"}]},{\"@type\":\"WebSite\",\"@id\":\"https:\\\/\\\/rossiengine.it\\\/#website\",\"url\":\"https:\\\/\\\/rossiengine.it\\\/\",\"name\":\"\",\"description\":\"\",\"potentialAction\":[{\"@type\":\"SearchAction\",\"target\":{\"@type\":\"EntryPoint\",\"urlTemplate\":\"https:\\\/\\\/rossiengine.it\\\/?s={search_term_string}\"},\"query-input\":{\"@type\":\"PropertyValueSpecification\",\"valueRequired\":true,\"valueName\":\"search_term_string\"}}],\"inLanguage\":\"it-IT\"}]}<\/script>\n<!-- \/ Yoast SEO plugin. -->","yoast_head_json":{"title":"Home -","robots":{"index":"index","follow":"follow","max-snippet":"max-snippet:-1","max-image-preview":"max-image-preview:large","max-video-preview":"max-video-preview:-1"},"canonical":"https:\/\/rossiengine.it\/","og_locale":"it_IT","og_type":"article","og_title":"Home -","og_description":"Leader nella produzione di candele d&#8217;accensione Rossi e OM. &#8220;Da sessant&#8217;anni accendiamo la passione.&#8221; C&#8217;\u00e8 un momento, prima che tutto cominci.Prima del rombo, prima della velocit\u00e0, prima dell&#8217;emozione. \u00c8 il momento in cui una piccola scintilla trasforma carburante e aria in pura energia. Da sessant&#8217;anni, quel momento siamo noi. Nati dalla passione per i motori &hellip; Leggi tutto \"Home\"","og_url":"https:\/\/rossiengine.it\/","article_modified_time":"2026-04-11T08:25:02+00:00","og_image":[{"width":2000,"height":1200,"url":"https:\/\/rossiengine.it\/wp-content\/uploads\/2026\/03\/reg.jpg","type":"image\/jpeg"}],"twitter_card":"summary_large_image","twitter_misc":{"Tempo di lettura stimato":"1 minuto"},"schema":{"@context":"https:\/\/schema.org","@graph":[{"@type":"WebPage","@id":"https:\/\/rossiengine.it\/","url":"https:\/\/rossiengine.it\/","name":"Home -","isPartOf":{"@id":"https:\/\/rossiengine.it\/#website"},"primaryImageOfPage":{"@id":"https:\/\/rossiengine.it\/#primaryimage"},"image":{"@id":"https:\/\/rossiengine.it\/#primaryimage"},"thumbnailUrl":"https:\/\/rossiengine.it\/wp-content\/uploads\/2026\/03\/reg.jpg","datePublished":"2026-03-23T17:46:47+00:00","dateModified":"2026-04-11T08:25:02+00:00","breadcrumb":{"@id":"https:\/\/rossiengine.it\/#breadcrumb"},"inLanguage":"it-IT","potentialAction":[{"@type":"ReadAction","target":["https:\/\/rossiengine.it\/"]}]},{"@type":"ImageObject","inLanguage":"it-IT","@id":"https:\/\/rossiengine.it\/#primaryimage","url":"https:\/\/rossiengine.it\/wp-content\/uploads\/2026\/03\/reg.jpg","contentUrl":"https:\/\/rossiengine.it\/wp-content\/uploads\/2026\/03\/reg.jpg","width":2000,"height":1200,"caption":"Rossi engine"},{"@type":"BreadcrumbList","@id":"https:\/\/rossiengine.it\/#breadcrumb","itemListElement":[{"@type":"ListItem","position":1,"name":"Home","item":"https:\/\/rossiengine.it\/"},{"@type":"ListItem","position":2,"name":"Home"}]},{"@type":"WebSite","@id":"https:\/\/rossiengine.it\/#website","url":"https:\/\/rossiengine.it\/","name":"","description":"","potentialAction":[{"@type":"SearchAction","target":{"@type":"EntryPoint","urlTemplate":"https:\/\/rossiengine.it\/?s={search_term_string}"},"query-input":{"@type":"PropertyValueSpecification","valueRequired":true,"valueName":"search_term_string"}}],"inLanguage":"it-IT"}]}},"_links":{"self":[{"href":"https:\/\/rossiengine.it\/index.php\/wp-json\/wp\/v2\/pages\/145","targetHints":{"allow":["GET"]}}],"collection":[{"href":"https:\/\/rossiengine.it\/index.php\/wp-json\/wp\/v2\/pages"}],"about":[{"href":"https:\/\/rossiengine.it\/index.php\/wp-json\/wp\/v2\/types\/page"}],"author":[{"embeddable":true,"href":"https:\/\/rossiengine.it\/index.php\/wp-json\/wp\/v2\/users\/1"}],"replies":[{"embeddable":true,"href":"https:\/\/rossiengine.it\/index.php\/wp-json\/wp\/v2\/comments?post=145"}],"version-history":[{"count":2,"href":"https:\/\/rossiengine.it\/index.php\/wp-json\/wp\/v2\/pages\/145\/revisions"}],"predecessor-version":[{"id":398,"href":"https:\/\/rossiengine.it\/index.php\/wp-json\/wp\/v2\/pages\/145\/revisions\/398"}],"wp:featuredmedia":[{"embeddable":true,"href":"https:\/\/rossiengine.it\/index.php\/wp-json\/wp\/v2\/media\/215"}],"wp:attachment":[{"href":"https:\/\/rossiengine.it\/index.php\/wp-json\/wp\/v2\/media?parent=145"}],"curies":[{"name":"wp","href":"https:\/\/api.w.org\/{rel}","templated":true}]}}